{"id":2292,"date":"2023-09-14T10:57:32","date_gmt":"2023-09-14T10:57:32","guid":{"rendered":"https:\/\/www.yoguifit.com\/?page_id=2292"},"modified":"2023-09-14T16:00:15","modified_gmt":"2023-09-14T16:00:15","slug":"curso-duplicate-2033","status":"publish","type":"page","link":"https:\/\/www.yoguifit.com\/?page_id=2292","title":{"rendered":"T&#038;C"},"content":{"rendered":"\t\t<div data-elementor-type=\"wp-page\" data-elementor-id=\"2292\" class=\"elementor elementor-2292\" data-elementor-post-type=\"page\">\n\t\t\t\t\t\t<section class=\"elementor-section elementor-top-section elementor-element elementor-element-26eb540 animated-slow elementor-section-full_width elementor-section-stretched elementor-section-height-min-height elementor-section-height-default elementor-section-items-middle elementor-invisible\" data-id=\"26eb540\" data-element_type=\"section\" data-e-type=\"section\" data-settings=\"{&quot;background_background&quot;:&quot;classic&quot;,&quot;animation&quot;:&quot;fadeIn&quot;,&quot;background_motion_fx_motion_fx_scrolling&quot;:&quot;yes&quot;,&quot;background_motion_fx_translateY_effect&quot;:&quot;yes&quot;,&quot;background_motion_fx_translateY_speed&quot;:{&quot;unit&quot;:&quot;px&quot;,&quot;size&quot;:1,&quot;sizes&quot;:[]},&quot;background_motion_fx_devices&quot;:[&quot;desktop&quot;],&quot;stretch_section&quot;:&quot;section-stretched&quot;,&quot;background_motion_fx_translateY_affectedRange&quot;:{&quot;unit&quot;:&quot;%&quot;,&quot;size&quot;:&quot;&quot;,&quot;sizes&quot;:{&quot;start&quot;:0,&quot;end&quot;:100}}}\">\n\t\t\t\t\t\t<div class=\"elementor-container elementor-column-gap-default\">\n\t\t\t\t\t<div class=\"elementor-column elementor-col-100 elementor-top-column elementor-element elementor-element-5eebcde\" data-id=\"5eebcde\" data-element_type=\"column\" data-e-type=\"column\">\n\t\t\t<div class=\"elementor-widget-wrap elementor-element-populated\">\n\t\t\t\t\t\t<div class=\"elementor-element elementor-element-fa4e950 elementor-invisible elementor-widget elementor-widget-heading\" data-id=\"fa4e950\" data-element_type=\"widget\" data-e-type=\"widget\" data-settings=\"{&quot;_animation&quot;:&quot;slideInDown&quot;,&quot;_animation_delay&quot;:400}\" data-widget_type=\"heading.default\">\n\t\t\t\t<div class=\"elementor-widget-container\">\n\t\t\t\t\t<h2 class=\"elementor-heading-title elementor-size-default\">YoguiFit<\/h2>\t\t\t\t<\/div>\n\t\t\t\t<\/div>\n\t\t\t\t<div class=\"elementor-element elementor-element-1efaa37 elementor-invisible elementor-widget elementor-widget-heading\" data-id=\"1efaa37\" data-element_type=\"widget\" data-e-type=\"widget\" data-settings=\"{&quot;_animation&quot;:&quot;slideInDown&quot;,&quot;_animation_delay&quot;:200}\" data-widget_type=\"heading.default\">\n\t\t\t\t<div class=\"elementor-widget-container\">\n\t\t\t\t\t<h1 class=\"elementor-heading-title elementor-size-default\">T\u00c9RMINOS Y CONDICIONES<\/h1>\t\t\t\t<\/div>\n\t\t\t\t<\/div>\n\t\t\t\t<div class=\"elementor-element elementor-element-f3d2422 elementor-invisible elementor-widget elementor-widget-heading\" data-id=\"f3d2422\" data-element_type=\"widget\" data-e-type=\"widget\" data-settings=\"{&quot;_animation&quot;:&quot;slideInDown&quot;}\" data-widget_type=\"heading.default\">\n\t\t\t\t<div class=\"elementor-widget-container\">\n\t\t\t\t\t<h3 class=\"elementor-heading-title elementor-size-default\">Informaci\u00f3n exclusiva para el Campus para Masajistas<\/h3>\t\t\t\t<\/div>\n\t\t\t\t<\/div>\n\t\t\t\t<div class=\"elementor-element elementor-element-94130cf elementor-invisible elementor-widget elementor-widget-image\" data-id=\"94130cf\" data-element_type=\"widget\" data-e-type=\"widget\" data-settings=\"{&quot;_animation&quot;:&quot;slideInUp&quot;,&quot;_animation_delay&quot;:500}\" data-widget_type=\"image.default\">\n\t\t\t\t<div class=\"elementor-widget-container\">\n\t\t\t\t\t\t\t\t\t\t\t\t\t\t\t<img decoding=\"async\" width=\"280\" height=\"21\" src=\"https:\/\/www.yoguifit.com\/wp-content\/uploads\/2022\/04\/component-light.png\" class=\"attachment-full size-full wp-image-11\" alt=\"\" \/>\t\t\t\t\t\t\t\t\t\t\t\t\t\t\t<\/div>\n\t\t\t\t<\/div>\n\t\t\t\t\t<\/div>\n\t\t<\/div>\n\t\t\t\t\t<\/div>\n\t\t<\/section>\n\t\t\t\t<section class=\"elementor-section elementor-top-section elementor-element elementor-element-75ab5f10 elementor-section-boxed elementor-section-height-default elementor-section-height-default\" data-id=\"75ab5f10\" data-element_type=\"section\" data-e-type=\"section\" data-settings=\"{&quot;background_background&quot;:&quot;classic&quot;}\">\n\t\t\t\t\t\t<div class=\"elementor-container elementor-column-gap-default\">\n\t\t\t\t\t<div class=\"elementor-column elementor-col-100 elementor-top-column elementor-element elementor-element-65878ede\" data-id=\"65878ede\" data-element_type=\"column\" data-e-type=\"column\" data-settings=\"{&quot;background_background&quot;:&quot;classic&quot;}\">\n\t\t\t<div class=\"elementor-widget-wrap elementor-element-populated\">\n\t\t\t\t\t\t<section class=\"elementor-section elementor-inner-section elementor-element elementor-element-156baee3 elementor-section-full_width elementor-section-height-default elementor-section-height-default\" data-id=\"156baee3\" data-element_type=\"section\" data-e-type=\"section\">\n\t\t\t\t\t\t<div class=\"elementor-container elementor-column-gap-default\">\n\t\t\t\t\t<div class=\"elementor-column elementor-col-33 elementor-inner-column elementor-element elementor-element-299eb756\" data-id=\"299eb756\" data-element_type=\"column\" data-e-type=\"column\">\n\t\t\t<div class=\"elementor-widget-wrap elementor-element-populated\">\n\t\t\t\t\t\t<div class=\"elementor-element elementor-element-70b4d771 animated-slow elementor-invisible elementor-widget elementor-widget-heading\" data-id=\"70b4d771\" data-element_type=\"widget\" data-e-type=\"widget\" data-settings=\"{&quot;_animation&quot;:&quot;fadeInUp&quot;,&quot;_animation_tablet&quot;:&quot;fadeIn&quot;}\" data-widget_type=\"heading.default\">\n\t\t\t\t<div class=\"elementor-widget-container\">\n\t\t\t\t\t<h2 class=\"elementor-heading-title elementor-size-default\">T&amp;C GENERALES<\/h2>\t\t\t\t<\/div>\n\t\t\t\t<\/div>\n\t\t\t\t\t<\/div>\n\t\t<\/div>\n\t\t\t\t<div class=\"elementor-column elementor-col-66 elementor-inner-column elementor-element elementor-element-1cdd04c0\" data-id=\"1cdd04c0\" data-element_type=\"column\" data-e-type=\"column\">\n\t\t\t<div class=\"elementor-widget-wrap elementor-element-populated\">\n\t\t\t\t\t\t<div class=\"elementor-element elementor-element-49df7a46 animated-slow elementor-invisible elementor-widget elementor-widget-text-editor\" data-id=\"49df7a46\" data-element_type=\"widget\" data-e-type=\"widget\" data-settings=\"{&quot;_animation&quot;:&quot;fadeInUp&quot;,&quot;_animation_mobile&quot;:&quot;fadeIn&quot;,&quot;_animation_tablet&quot;:&quot;fadeIn&quot;}\" data-widget_type=\"text-editor.default\">\n\t\t\t\t<div class=\"elementor-widget-container\">\n\t\t\t\t\t\t\t\t\t<p class=\"p1\">Estos T\u00e9rminos y Condiciones Generales regulan el acceso, as\u00ed como la compra de los servicios e informaci\u00f3n contenida o comercializada en el sitio web <span class=\"s1\"><b>www.yoguifit.com<\/b><\/span> (\u201c<span class=\"s2\">Sitio Web<\/span>\u201d),<span class=\"Apple-converted-space\">\u00a0 <\/span>(\u201c<span class=\"s2\">T\u00e9rminos y Condiciones Generales<\/span>\u201d).<\/p><p class=\"p1\">Cualquier persona que tenga la intenci\u00f3n de realizar la compra de servicios del Sitio Web (\u201c<span class=\"s2\">Usuario<\/span>\u201d) o, incluso, tener acceso a la informaci\u00f3n disponible, debe certificar que entiende y acepta los T\u00e9rminos y Condiciones Generales de uso del Sitio Web.<\/p><p class=\"p1\">Recomendamos que el Usuario lea atentamente y certifique que entiende y acepta todas las condiciones establecidas en estos T\u00e9rminos y Condiciones Generales antes de concluir su registro de Usuario y\/o realizar cualquier compra o b\u00fasqueda a trav\u00e9s del sitio web.<\/p><p>Recomendamos que el Usuario lea atentamente y certifique que entiende y acepta todas las condiciones establecidas en estos T\u00e9rminos y Condiciones Generales antes de concluir su registro de Usuario y\/o realizar cualquier compra o b\u00fasqueda a trav\u00e9s del sitio web.<\/p><p><strong>OBJETO<br \/><\/strong>Estos T\u00e9rminos y Condiciones Generales regulan el acceso al Sitio Web, especialmente, el suministro de informaciones generales sobre actividades de preparaci\u00f3n, relacionados con el acceso y uso, por parte del Usuario, de las informaciones disponibles.<br \/>El Usuario est\u00e1 consciente y acepta que la informaci\u00f3n est\u00e1 disponible s\u00f3lo con fines informativos, para uso facultativo del Usuario a su propia discreci\u00f3n y bajo su propia responsabilidad. Cualquier servicio del Sitio Web ser\u00e1 efectuado directamente por el Usuario, sin ninguna intervenci\u00f3n de terceros en el contacto, negociaci\u00f3n, contrataci\u00f3n y\/o prestaci\u00f3n de servicios. No existe ninguna relaci\u00f3n laboral y\/o de ning\u00fan tipo entre la terapeuta y el Usuario.<br \/>Las condiciones de venta de los servicios anunciados en el sitio web se describen en estos T\u00e9rminos y Condiciones Generales y en la p\u00e1gina de publicidad del producto o servicio correspondiente.<br \/>El Usuario recibir\u00e1 informaci\u00f3n sobre el estado de adquisici\u00f3n del servicio solicitado por correo electr\u00f3nico o WhatsApp. El Usuario, al aceptar estos T\u00e9rminos y Condiciones Generales, autoriza al Sitio Web a enviar correos electr\u00f3nicos y mensajes de WhatsApp con informaci\u00f3n sobre el estado del servicio contratado a la direcci\u00f3n de correo electr\u00f3nico y n\u00famero de tel\u00e9fono m\u00f3vil informados por el Usuario en su registro.<br \/>Se puede poner a disposici\u00f3n, a su sola discreci\u00f3n, testimonios de los Usuarios sobre los Servicios disponibles en el Sitio Web. El Usuario autoriza expresamente la divulgaci\u00f3n, en el Sitio Web, de sus testimonios sobre los Servicios, el servicio recibido y cualquier otro aspecto de la relaci\u00f3n entre el Usuario y el servicio adquirido.<br \/>El Usuario est\u00e1 consciente y acepta que el Sitio Web no tendr\u00e1 responsabilidad alguna por los testimonios dejados por los Usuarios, que estar\u00e1n disponibles en el Sitio Web con el fin de compartir los datos de la experiencia de los Usuarios y no deben ser interpretados como una garant\u00eda.<\/p><p><strong>REGISTRO DE USUARIO Y ACCESO AL SITIO WEB<br \/><\/strong>La compra de Productos o Servicios disponibles en el Sitio Web solo puede ser realizada por personas mayores de dieciocho (18) a\u00f1os que tengan la capacidad legal de contratar, una direcci\u00f3n de correo electr\u00f3nico v\u00e1lida y completar los espacios de registro requeridos.<br \/>Adem\u00e1s de las personas que la ley considera discapacitadas, los Usuarios cuyo registro haya sido cancelado por el Sitio Web no pueden adquirir Productos o Servicios debido al incumplimiento de estos T\u00e9rminos y Condiciones Generales.<br \/>El registro de Usuario es \u00fanico y la misma persona no puede tener m\u00e1s de un registro en el Sitio Web en las actividades de preparaci\u00f3n. El sitio web se reserva el derecho de rechazar o cancelar cualquier registro que sea inconsistente con estos T\u00e9rminos y Condiciones Generales.<br \/>Para realizar el registro, el Usuario debe completar todos los datos de registro con informaciones correctas, completas y verdaderas, siendo responsable de actualizar dichas informaciones siempre que haya alg\u00fan cambio. El registro solo se completar\u00e1 con la declaraci\u00f3n del Usuario de que ha le\u00eddo, entendido y aceptado estos T\u00e9rminos y Condiciones Generales.<br \/>Cualquier cambio en los datos del Usuario debe ser comunicado inmediatamente por el propio Usuario, actualizando sus datos de registro en el medio acordado para ello. Los Usuarios ser\u00e1n \u00fanica y exclusivamente responsables por los da\u00f1os y p\u00e9rdidas causados a s\u00ed mismos, a terceros o al terapeuta como resultado de la omisi\u00f3n, incorrecci\u00f3n o inexactitud de las informaciones proporcionadas en su registro en el Sitio Web, as\u00ed como el retraso en la actualizaci\u00f3n o cambiando su registro de datos.<\/p><p><strong>RESPONSABILIDAD POR EL USO DEL REGISTRO DEL USUARIO.<\/strong> <br \/>El Usuario est\u00e1 consciente y acepta, voluntaria y expresamente, que el registro del Usuario es personal e intransferible.<br \/>El contenido de la informaci\u00f3n a\u00f1adida en el registro es responsabilidad exclusiva del Usuario, y el Sitio Web no es responsable por la correcci\u00f3n o verificaci\u00f3n de los datos personales de los Usuarios o de cualquier consecuencia de la provisi\u00f3n de datos incorrectos o falsos por parte del Usuario.<br \/>No obstante el Sitio Web se reserva el derecho de verificar la exactitud de los datos de registro del Usuario, as\u00ed como de solicitar informaci\u00f3n adicional o documentos que se consideren necesarios para la confirmaci\u00f3n de los datos informados.<br \/>Si se encuentra que el Usuario ha proporcionado datos incorrectos o falsos, puede, a su exclusivo criterio, bloquear, suspender o cancelar el registro del pendiente. Bajo ninguna circunstancia, el SPA mantendr\u00e1 en sus archivos las informaciones sobre las transacciones realizadas por el Usuario dentro de los seis (6) meses o un per\u00edodo superior si as\u00ed lo solicita la ley aplicable.<br \/>El registro en el Sitio Web es gratuito. Sin embargo, los servicios ofrecidos por el Sitio Web se cobrar\u00e1n de acuerdo con lo establecido en el Sitio Web y en estos T\u00e9rminos y Condiciones Generales, de conformidad con el Servicio adquirido por el Usuario.<\/p><p><strong>RELACI\u00d3N ENTRE USUARIO Y TERAPEUTA<br \/><\/strong>3.1 El Usuario est\u00e1 consciente y acepta que el Sitio Web s\u00f3lo proporciona una herramienta para ayudar al Usuario a encontrar el servicio que busca. Los servicios requieren una programaci\u00f3n anticipada, una reserva realizada directamente con el terapeuta, sujeto a la disponibilidad del tiempo de programaci\u00f3n en la fecha deseada.<br \/>Recomendamos que el Usuario verifique las informaciones y haga la programaci\u00f3n con anticipaci\u00f3n.<\/p><p><strong>PRECIO Y FORMAS DE PAGO<\/strong><br \/>4.1 Las formas de pago aceptadas para la compra de Servicios realizados en el Sitio Web seguir\u00e1n la forma descrita en el Sitio Web en el momento de la compra.<br \/>4.2 El cumplimiento de la orden de compra de Servicios tendr\u00e1 lugar en el momento en que se reciba la confirmaci\u00f3n del pago.<br \/>4.3 El precio de cada Servicio es el especificado en el Sitio Web al momento de reserva del Usuario.<\/p><p><strong>SOLICITUD DE EXCLUSI\u00d3N DE INSCRIPCI\u00d3N.<\/strong> <br \/>El Usuario puede, en cualquier momento, solicitar la exclusi\u00f3n de su registro en el Sitio Web. Por lo tanto, el Usuario debe enviar un mensaje al correo electr\u00f3nico client@sparenatafranca.com. El SPA, dentro de los treinta (30) d\u00edas h\u00e1biles, verificar\u00e1 si hay transacciones de compra en curso (a\u00fan no completadas) en la cuenta del Usuario. Si no hay transacciones de compra en curso o pagos pendientes debido al SPA seg\u00fan lo dispuesto en estos T\u00e9rminos y Condiciones Generales, el Sitio Web eliminar\u00e1 el registro de Usuario al final de treinta (30) d\u00edas h\u00e1biles. En el caso de cualquier transacci\u00f3n de compra en curso (no completada) o pago pendiente debido al SPA seg\u00fan lo dispuesto en estos T\u00e9rminos y Condiciones Generales, el Sitio Web eliminar\u00e1 el registro del Usuario dentro de los treinta (30) d\u00edas h\u00e1biles, a partir de la fecha en que se completa la \u00faltima transacci\u00f3n de compra o se realiza el pago del importe completar el pedido e ya incluye todos los impuestos. El precio se agregar\u00e1 solo a los valores de flete, cuando corresponda, con respecto a la entrega del producto a la direcci\u00f3n proporcionada por el Usuario en el pedido respectivo.<\/p><p><strong>POL\u00cdTICA DE CANCELACI\u00d3N<\/strong><br \/>Si se encuentra alguna discrepancia, nos reservamos el derecho de no aceptar la devoluci\u00f3n y no reembolsar el importe pagado, y podemos revisar el servicio prestado al Usuario sin previa consulta. Por lo tanto, para su seguridad, aseg\u00farese de que lo que reserva cumple con sus expectativas antes de formalizar la compra.<br \/>5.1. El reembolso del valor pagado por los Servicios a\u00fan no iniciados, o en caso de desistimiento o arrepentimiento, se proporcionar\u00e1 s\u00f3lo despu\u00e9s de recibir y analizar las condiciones de lo(s) servicio(s) devuelto(s), dentro de los diez (10) d\u00edas h\u00e1biles posteriores a la formalizaci\u00f3n de la solicitud de desistimiento.<br \/>5.2. Verifica tu pedido. Al realizar su pedido, es importante que verifique si las caracter\u00edsticas y la descripci\u00f3n del Servicio elegido est\u00e1n correctas.<br \/>5.3. Desistimiento\/arrepentimiento del servicio. El Usuario tiene hasta siete (7) d\u00edas a partir de la fecha de la compra para informar la interrupci\u00f3n de la compra del Servicio, siempre que el Servicio a\u00fan no se haya ofrecido. En este caso, el Usuario recibir\u00e1 el reembolso del importe pagado como se describe en el punto 5.5. \u201cReembolso del Valor Pagado\u201d. Tenga en cuenta esta fecha ya que no se aceptar\u00e1n solicitudes m\u00e1s all\u00e1 de este per\u00edodo. Para realizar su solicitud, comun\u00edquese por correo electr\u00f3nico en reservas@yoguifit.com o whatsapp +34644146948.<\/p><p><strong>VIGENCIA Y CAMBIO DE LOS T\u00c9RMINOS Y CONDICIONES GENERALES<\/strong><br \/>6.1 Estos T\u00e9rminos y Condiciones Generales entrar\u00e1n en vigencia a partir de la fecha de su publicaci\u00f3n en el Sitio Web y permanecer\u00e1n vigentes indefinidamente o hasta que sean reemplazados por una nueva versi\u00f3n de estos T\u00e9rminos y Condiciones Generales.<br \/>6.2 El Sitio Web puede, en cualquier momento, cambiar estos T\u00e9rminos y Condiciones Generales, reemplaz\u00e1ndolos por nuevos t\u00e9rminos y condiciones generales que entrar\u00e1n en vigencia a partir de la fecha de su publicaci\u00f3n en el Sitio Web y se aplicar\u00e1n a las transacciones iniciadas a partir de su fecha de publicaci\u00f3n en el Sitio Web.<\/p><p><strong>POL\u00cdTICA DE PRIVACIDAD<\/strong><br \/>7.1. Su privacidad es importante para nosotros. Toda informaci\u00f3n o dato personal ofrecido por el Usuario ser\u00e1 almacenado de forma segura. Datos demogr\u00e1ficos. Datos sobre usted, por ejemplo, edad, sexo, pa\u00eds\/regi\u00f3n, estado y ciudad;<br \/>Datos de pago. Datos para procesar pagos, como el n\u00famero de su medio de pago.<br \/>Hist\u00f3rico de compras. Datos sobre Productos y Servicios adquiridos por el Usuario en el Comentarios y Clasificaciones. Informaci\u00f3n privada enviada por el Usuario para el Sitio Web, como comentarios o datos de b\u00fasquedas. Se tomar\u00e1 todas las medidas posibles para mantener la confidencialidad y seguridad de la informaci\u00f3n descrita en esta cl\u00e1usula, pero el Sitio Web no ser\u00e1 responsable por ning\u00fan da\u00f1o que pueda derivarse de una violaci\u00f3n de estas medidas por parte de terceros que utilizan las redes p\u00fablicas o Internet, subvirtiendo los sistemas de seguridad para acceder a las informaciones de los Usuarios.<br \/>7.2. Datos personales que recogemos. Recogemos datos del Usuario a trav\u00e9s de nuestras interacciones con el Usuario y a trav\u00e9s de nuestro Sitio Web para los fines que se describen a continuaci\u00f3n, especialmente para operar de manera eficiente y proporcionar las mejores experiencias con nuestros Productos y Servicios. Algunos de estos datos son proporcionados directamente por el Usuario.<br \/>7.2.1. Los datos que recogemos pueden incluir:<br \/>Nombre y datos de contacto. Su nombre y apellido, correo electr\u00f3nico, direcci\u00f3n, numero de tel\u00e9fono y otros datos de contacto similares; Usamos los datos que recogemos para proporcionar una mejor experiencia y uso del Sitio Web.<br \/>7.3. Comunicaciones promocionales. Al aceptar estos T\u00e9rminos y Condiciones Generales, el Usuario acepta recibir boletines electr\u00f3nicos informativos y\/o comunicaciones promocionales de nuestro Sitio Web por e-mail, SMS, WhatsApp, correo postal y tel\u00e9fono, siendo que, en este caso, el Usuario est\u00e1 consciente de que podremos usar los datos recogidos para disponibilizar las referidas comunicaciones promocionales. Si el Usuario no desea recibir comunicaciones promocionales o desea dejar de recibirlas, podr\u00e1 solicitar el no recibimiento siguiendo las indicaciones contenidas en el mensaje.<br \/>7.4. Reparto de datos. Los datos personales del Usuario podr\u00e1n ser repartidos mediante su consentimiento o conforme necesario para concluir cualquier transacci\u00f3n o proveer un determinado Producto o Servicio adquirido por el Usuario. <br \/>7.5. A cualquier momento, el Usuario podr\u00e1 solicitar la remoci\u00f3n definitiva de sus datos de registro o la cancelaci\u00f3n de su registro, con excepci\u00f3n de los casos de mantenimiento previstos en ley, incluso eventuales evaluaciones, comentarios e informaciones fiscales del Usuario.<br \/>7.6. El Usuario expresamente autoriza que sus informaciones y datos personales sean recogidos, almacenados, procesados, utilizados y repartidos con el Sitio Web y con las otras empresas involucradas en la provisi\u00f3n de servicios o suministro de los productos objeto de estos T\u00e9rminos y Condiciones Generales, para el fin de hacer viable la provisi\u00f3n de servicios, el suministro de los productos y la realizaci\u00f3n de las transacciones de compra y venta, incluso la entrega de los Productos.<\/p><p><strong>CONDICIONES GENERALES Y LIMITACI\u00d3N DE RESPONSABILIDAD<\/strong><br \/>8.1 Los casos omisos en estos T\u00e9rminos y Condiciones Generales ser\u00e1n resolvidos por el Terapeuta conyuntamente con el Usuario.<br \/>8.2 La tolerancia al descumplimiento, por cualquier de las partes, de las disposiciones contenidas en estos T\u00e9rminos y Condiciones no deber\u00e1 ser interpretada como renuncia o novaci\u00f3n.<br \/>8.3 El Usuario se declara consciente y est\u00e1 de acuerdo que el Sitio Web no ser\u00e1 responsable, en ninguna circunstancia, por indemnizaci\u00f3n por da\u00f1os indirectos o lucros cesantes.<\/p><p><strong>LEGISLACI\u00d3N APLICABLE Y JURISDICCI\u00d3N ELEGIDA<\/strong><br \/>9.1. Todos los art\u00edculos de estos T\u00e9rminos y Condiciones Generales est\u00e1n regidos por la Ley 7\/1998, de 13 de abril, sobre condiciones generales de la contrataci\u00f3n.<\/p>\t\t\t\t\t\t\t\t<\/div>\n\t\t\t\t<\/div>\n\t\t\t\t\t<\/div>\n\t\t<\/div>\n\t\t\t\t\t<\/div>\n\t\t<\/section>\n\t\t\t\t\t<\/div>\n\t\t<\/div>\n\t\t\t\t\t<\/div>\n\t\t<\/section>\n\t\t\t\t<\/div>\n\t\t","protected":false},"excerpt":{"rendered":"<p>YoguiFit T\u00c9RMINOS Y CONDICIONES Informaci\u00f3n exclusiva para el Campus para Masajistas T&#038;C GENERALES Estos T\u00e9rminos y Condiciones Generales regulan el acceso, as\u00ed como la compra de los servicios e informaci\u00f3n contenida o comercializada en el sitio web www.yoguifit.com (\u201cSitio Web\u201d),\u00a0 (\u201cT\u00e9rminos y Condiciones Generales\u201d). Cualquier persona que tenga la intenci\u00f3n de realizar la compra de [&hellip;]<\/p>\n","protected":false},"author":1,"featured_media":0,"parent":0,"menu_order":0,"comment_status":"closed","ping_status":"closed","template":"","meta":{"site-sidebar-layout":"no-sidebar","site-content-layout":"page-builder","ast-site-content-layout":"default","site-content-style":"default","site-sidebar-style":"default","ast-global-header-display":"","ast-banner-title-visibility":"","ast-main-header-display":"","ast-hfb-above-header-display":"","ast-hfb-below-header-display":"","ast-hfb-mobile-header-display":"","site-post-title":"disabled","ast-breadcrumbs-content":"","ast-featured-img":"disabled","footer-sml-layout":"","ast-disable-related-posts":"","theme-transparent-header-meta":"","adv-header-id-meta":"","stick-header-meta":"","header-above-stick-meta":"","header-main-stick-meta":"","header-below-stick-meta":"","astra-migrate-meta-layouts":"default","ast-page-background-enabled":"default","ast-page-background-meta":{"desktop":{"background-color":"var(--ast-global-color-4)","background-image":"","background-repeat":"repeat","background-position":"center center","background-size":"auto","background-attachment":"scroll","background-type":"","background-media":"","overlay-type":"","overlay-color":"","overlay-opacity":"","overlay-gradient":""},"tablet":{"background-color":"","background-image":"","background-repeat":"repeat","background-position":"center center","background-size":"auto","background-attachment":"scroll","background-type":"","background-media":"","overlay-type":"","overlay-color":"","overlay-opacity":"","overlay-gradient":""},"mobile":{"background-color":"","background-image":"","background-repeat":"repeat","background-position":"center center","background-size":"auto","background-attachment":"scroll","background-type":"","background-media":"","overlay-type":"","overlay-color":"","overlay-opacity":"","overlay-gradient":""}},"ast-content-background-meta":{"desktop":{"background-color":"var(--ast-global-color-5)","background-image":"","background-repeat":"repeat","background-position":"center center","background-size":"auto","background-attachment":"scroll","background-type":"","background-media":"","overlay-type":"","overlay-color":"","overlay-opacity":"","overlay-gradient":""},"tablet":{"background-color":"var(--ast-global-color-5)","background-image":"","background-repeat":"repeat","background-position":"center center","background-size":"auto","background-attachment":"scroll","background-type":"","background-media":"","overlay-type":"","overlay-color":"","overlay-opacity":"","overlay-gradient":""},"mobile":{"background-color":"var(--ast-global-color-5)","background-image":"","background-repeat":"repeat","background-position":"center center","background-size":"auto","background-attachment":"scroll","background-type":"","background-media":"","overlay-type":"","overlay-color":"","overlay-opacity":"","overlay-gradient":""}},"footnotes":""},"class_list":["post-2292","page","type-page","status-publish","hentry"],"_links":{"self":[{"href":"https:\/\/www.yoguifit.com\/index.php?rest_route=\/wp\/v2\/pages\/2292","targetHints":{"allow":["GET"]}}],"collection":[{"href":"https:\/\/www.yoguifit.com\/index.php?rest_route=\/wp\/v2\/pages"}],"about":[{"href":"https:\/\/www.yoguifit.com\/index.php?rest_route=\/wp\/v2\/types\/page"}],"author":[{"embeddable":true,"href":"https:\/\/www.yoguifit.com\/index.php?rest_route=\/wp\/v2\/users\/1"}],"replies":[{"embeddable":true,"href":"https:\/\/www.yoguifit.com\/index.php?rest_route=%2Fwp%2Fv2%2Fcomments&post=2292"}],"version-history":[{"count":19,"href":"https:\/\/www.yoguifit.com\/index.php?rest_route=\/wp\/v2\/pages\/2292\/revisions"}],"predecessor-version":[{"id":2344,"href":"https:\/\/www.yoguifit.com\/index.php?rest_route=\/wp\/v2\/pages\/2292\/revisions\/2344"}],"wp:attachment":[{"href":"https:\/\/www.yoguifit.com\/index.php?rest_route=%2Fwp%2Fv2%2Fmedia&parent=2292"}],"curies":[{"name":"wp","href":"https:\/\/api.w.org\/{rel}","templated":true}]}}